mon divisor of 163616 and 96?
32
Calculate the highest common divisor of 416 and 233844.
52
What is the highest common divisor of 22242 and 13222?
22
Calculate the highest common divisor of 71934 and 6574.
38
What is the highest common divisor of 247331 and 4361?
623
Calculate the highest common factor of 1160254 and 722.
722
What is the highest common divisor of 264 and 45792?
24
What is the greatest common divisor of 5731 and 198?
11
What is the greatest common factor of 490 and 468244?
98
What is the highest common factor of 7852 and 52?
52
Calculate the greatest common factor of 2853 and 72.
9
What is the greatest common factor of 253 and 13512983?
253
What is the greatest common factor of 553401 and 153?
153
Calculate the greatest common divisor of 17406 and 126.
18
What is the greatest common factor of 8364 and 113652?
492
Calculate the greatest common divisor of 1357085 and 5.
5
What is the greatest common factor of 70 and 36800?
10
What is the highest common divisor of 310804 and 1548?
172
Calculate the greatest common factor of 444498 and 276.
138
What is the greatest common divisor of 1420 and 130?
10
Calculate the highest common factor of 115772 and 103.
103
Calculate the highest common factor of 182818 and 190.
38
What is the highest common factor of 51930 and 330?
30
Calculate the greatest common divisor of 379320 and 218.
218
Calculate the highest common factor of 791 and 171986.
113
Calculate the highest common divisor of 7944 and 872.
8
What is the highest common factor of 560 and 6784?
16
Calculate the highest common factor of 22976 and 224.
32
Calculate the highest common factor of 1870 and 224910.
170
What is the greatest common factor of 146 and 1796?
2
Calculate the highest common factor of 263603 and 219.
73
What is the highest common factor of 531 and 146674?
59
What is the greatest common divisor of 2292 and 13956?
12
Calculate the highest common factor of 5915 and 35.
35
Calculate the greatest common factor of 6161 and 2928.
61
Calculate the greatest common factor of 288 and 52776.
72
What is the greatest common divisor of 1075 and 191135?
215
What is the greatest common divisor of 8428 and 18404?
172
What is the greatest common factor of 299 and 6981?
13
Calculate the highest common factor of 217446 and 4.
2
Calculate the greatest common divisor of 20 and 202970.
10
What is the highest common factor of 47235 and 30?
15
Calculate the greatest common divisor of 160 and 10060.
20
What is the greatest common divisor of 13145 and 39196?
239
Calculate the highest common factor of 1698296 and 608.
152
Calculate the highest common factor of 140226 and 24.
6
What is the greatest common divisor of 8415 and 122265?
495
Calculate the greatest common factor of 359700 and 110.
110
What is the highest common divisor of 48 and 91404?
12
What is the greatest common divisor of 2546 and 49666?
38
Calculate the highest common divisor of 622808 and 15938.
1226
Calculate the greatest common factor of 170 and 592246.
34
Calculate the highest common divisor of 233325 and 2210.
85
What is the highest common divisor of 9316 and 2584?
68
What is the highest common divisor of 4235 and 27808?
11
Calculate the greatest common divisor of 43106 and 7532.
14
What is the greatest common factor of 346 and 657746?
346
What is the highest common divisor of 290 and 5390?
10
Calculate the greatest common factor of 75 and 197650.
25
Calculate the greatest common factor of 112216 and 1494.
166
Calculate the greatest common factor of 250 and 54625.
125
Calculate the highest common factor of 1344244 and 33.
11
What is the highest common divisor of 89887 and 7?
7
What is the highest common factor of 105849 and 2052?
171
Calculate the highest common divisor of 567 and 57393.
63
Calculate the highest common factor of 836 and 340670.
418
Calculate the greatest common factor of 60 and 2067465.
15
What is the greatest common factor of 264 and 127688?
88
What is the greatest common factor of 22876 and 1806?
602
What is the greatest common factor of 1186 and 722867?
593
What is the greatest common divisor of 2 and 56078?
2
What is the highest common factor of 420 and 378?
42
Calculate the greatest common factor of 882312 and 276.
12
Calculate the highest common divisor of 341547 and 1221.
111
What is the highest common factor of 18 and 333210?
6
What is the greatest common factor of 21100 and 500?
100
Calculate the greatest common factor of 2320 and 6890.
10
Calculate the greatest common divisor of 282 and 1960182.
282
What is the greatest common factor of 1267669 and 577?
577
What is the highest common divisor of 590 and 842815?
295
Calculate the highest common divisor of 128 and 5560.
8
What is the greatest common divisor of 76859 and 1018?
509
Calculate the highest common factor of 3798 and 138.
6
What is the greatest common factor of 852 and 204?
12
What is the greatest common factor of 52576 and 4061?
31
Calculate the highest common factor of 405 and 243486.
81
What is the greatest common factor of 76034 and 28?
14
Calculate the highest common factor of 40 and 8789200.
40
Calculate the highest common factor of 532 and 222832.
76
What is the highest common divisor of 216 and 20784?
24
What is the highest common divisor of 24882 and 18?
6
Calculate the greatest common divisor of 12111 and 132.
33
Calculate the greatest common factor of 10 and 85322.
2
Calculate the greatest common divisor of 8376 and 77827.
349
Calculate the highest common factor of 25908 and 425.
17
What is the highest common divisor of 2440758 and 204?
102
Calculate the greatest common factor of 378 and 4590.
54
What is the highest common factor of 54 and 3693?
3
What is the greatest common factor of 624013 and 598?
299
What is the greatest common divisor of 1728 and 8316?
108
What is the greatest common factor of 144692 and 2684?
244
Calculate the greatest common divisor of 209280 and 500.
20
What is the highest common divisor of 32 and 17164?
4
Calculate the highest common divisor of 150172 and 55.
11
What is the highest common factor of 7110474 and 6?
6
What is the highest common factor of 1606 and 87736?
22
What is the highest common divisor of 1462103 and 142?
71
What is the highest common factor of 390 and 3146?
26
Calculate the greatest common divisor of 668131 and 29.
29
What is the greatest common factor of 2318550 and 3731?
533
Calculate the greatest common factor of 33544 and 40.
8
What is the greatest common divisor of 261444 and 168?
12
Calculate the greatest common divisor of 29500 and 43100.
100
Calculate the greatest common factor of 8520 and 32400.
120
What is the greatest common factor of 8762 and 39?
13
What is the greatest common divisor of 412 and 223201?
103
What is the highest common divisor of 2376 and 37983?
33
Calculate the highest common divisor of 413381 and 157.
157
Calculate the greatest common divisor of 3868380 and 360.
180
Calculate the highest common factor of 4876 and 828.
92
What is the greatest common divisor of 64 and 416880?
16
Calculate the greatest common divisor of 75344 and 16.
16
What is the highest common factor of 713490 and 510?
510
Calculate the highest common divisor of 6555 and 7360.
115
Calculate the highest common factor of 6161844 and 156.
156
What is the highest common divisor of 31 and 11369808?
31
Calculate the greatest common factor of 177936 and 528.
528
Calculate the greatest common factor of 47064 and 14363.
53
What is the greatest common factor of 10108 and 35?
7
What is the greatest common factor of 216257 and 119?
17
What is the highest common factor of 42 and 183561?
21
What is the highest common divisor of 4 and 947084?
4
Calculate the highest common factor of 866 and 1507706.
866
Calculate the greatest common divisor of 66 and 45573.
33
What is the highest common factor of 7881525 and 46?
23
Calculate the highest common factor of 1083 and 79420.
361
Calculate the greatest common factor of 4805923 and 4078.
2039
Calculate the highest common factor of 7514 and 10982.
578
What is the greatest common factor of 867313 and 1417?
109
What is the greatest common divisor of 736 and 768016?
368
Calculate the greatest common factor of 15 and 158845.
5
Calculate the highest common factor of 304706 and 393.
131
What is the greatest common 